13 - 9. List the prime factors of u.
2
Let y = 1599 + -277. List the prime factors of y.
2, 661
Let l be (1/1)/((-19)/(-551)). Suppose 0 = -q + l + 11. What are the prime factors of q?
2, 5
Suppose -293*b + 288*b + 290 = 0. List the prime factors of b.
2, 29
Let j(m) = -m**3 - 12*m**2 - 14*m - 22. Let f be (0 - -2)/(1*(-4)/22). What are the prime factors of j(f)?
11
Let f = 701 - 425. List the prime factors of f.
2, 3, 23
List the prime factors of (-362307)/(-77) - 22/77.
5, 941
Let u(v) = 66*v + 29. Let b be u(-10). Let g = -323 - b. List the prime factors of g.
2, 7, 11
Suppose 21 = q - 5*r - 4, q = 4*r + 21. Suppose b = 3*d + 3, -2*d + 29 = q*b - 3*d. Suppose b*p - 9*p + 78 = 0. List the prime factors of p.
2, 13
Let m(c) be the first derivative of -c**2/2 + 62*c - 13. List the prime factors of m(19).
43
Let k(p) = -2*p + 3. Let a = 33 + -41. List the prime factors of k(a).
19
Let x be 32/24*3/2. Suppose -3*d + 4*s + 16 = 0, -3 = x*d - 5*s - 16. Suppose d*u - 5*r - 58 = 0, 3*u - 3*r = 32 + 10. What are the prime factors of u?
2, 3
Suppose 0 = -4*s - 0*s + b + 506, -4*b + 262 = 2*s. Suppose -83 - s = -2*k. What are the prime factors of k?
3, 5, 7
Suppose 5*s - 32 = 3. Let b be 4 - s/(14/6). List the prime factors of (-1)/b - (-45 - -1).
43
Let o(h) = -37*h - 108. List the prime factors of o(-30).
2, 3, 167
Suppose 81 + 535 = 8*g. What are the prime factors of g?
7, 11
Let y = 895 + -320. Suppose -32*s = -37*s + y. List the prime factors of s.
5, 23
Let g(x) = x**3 + x**2 + 2*x + 372. List the prime factors of g(0).
2, 3, 31
Let l(d) = -2*d**2 + 27*d - 17. Let a be l(18). Let s = 286 + a. List the prime factors of s.
107
Let w(m) = -m**2 + 7*m - 8. Let n be w(2). Suppose 4*s = n*q - 194, 0 = 2*q - 7*s + 8*s - 209. List the prime factors of q.
103
Suppose 0 = 2*o + 2*r - 670, -o + 0*o - 4*r + 320 = 0. Suppose -4*s - 24 = -o. What are the prime factors of s?
79
Let s be (-212)/(-20) + 6/15. Suppose 4*i - 1 - s = -4*o, 3 = -o - 4*i. Suppose o*h = 2*k - 6*k + 139, 0 = 4*k - 5*h - 109. List the prime factors of k.
31
Let b = -338 - -1105. What are the prime factors of b?
13, 59
Suppose -2*f + 3*f = 51. Let v = -88 + 109. Suppose v = 2*l - f. List the prime factors of l.
2, 3
Let g be (-28)/(-12)*(0 + (4 - 22)). Let i be (-27)/(22/(-16) - -1). Let w = g + i. What are the prime factors of w?
2, 3, 5
Let i = 29 - 2. Let z = i + 64. List the prime factors of z.
7, 13
Suppose v + 2*o + 26 = 0, 2*o - 51 = 5*v + 67. What are the prime factors of (4/(-6))/((-8)/v) - -23?
3, 7
What are the prime factors of 16510/8 + (-1 - (-15)/12)?
2, 3, 43
Suppose -2*g - 42 = 3*n, 2*n - 6*n = -3*g + 56. Let y = -7 - n. What are the prime factors of (-3)/(-1) + 518/y?
7, 11
Suppose -2*y + 2 = 0, -4*l + 3577 = -4*y - 1927. List the prime factors of l.
3, 17
Suppose 6*q = 9350 + 634. What are the prime factors of (-3)/(-5) - q/(-10)?
167
Let f(n) = -n + 1 + 4*n - 5*n + 5. Let o be f(6). Let h = 34 + o. What are the prime factors of h?
2, 7
Let i be (-12)/(-5 - -2) - -2. Let y(n) = n**3 - 5*n**2 - 4*n + 2. Let u be y(i). What are the prime factors of u/(-49) - 184/(-7)?
2, 13
Suppose 15*w - 27*w + 3168 = 0. What are the prime factors of w?
2, 3, 11
Suppose -25*k = -7477 - 23523. List the prime factors of k.
2, 5, 31
Let c = -10 - -33. Suppose h = -h + 4*s + 22, -4*h + c = -s. Suppose -2*m + 25 = -3*u, h*m + 3*u - 2*u - 105 = 0. What are the prime factors of m?
2, 5
Suppose 0 = 4*u + 5*b - 22, 5 = 3*u - 2*u + b. Suppose u*l - 361 = 212. List the prime factors of l.
191
Suppose u = -1 + 4. Let w(x) = x**2 - 8*x + 9. Let a be w(4). Let b = u - a. What are the prime factors of b?
2, 5
Suppose 4*h - 1510 + 354 = 0. List the prime factors of h.
17
Suppose 0*j - 2*a - 301 = -3*j, 4*j - 4*a - 400 = 0. Suppose -5*o - 404 = -3*s + j, 3*s - 513 = 3*o. List the prime factors of s.
5, 7
Let u(m) = m**3 - 12*m**2 + 10*m + 16. Let l be u(11). Suppose 3*s = 3*f + 4*s - 354, 2*f - l*s = 219. List the prime factors of f.
3, 13
Let k be 4/(-8) - 3/2. List the prime factors of (14/8 + k)*-76.
19
Let z be 13 + 1/(1 + 0). Let q be (-16)/(-10) + 9/(-15). List the prime factors of (19/q)/(-13 + z).
19
Let p(q) = -3*q**2 - 23*q + 6. Let h(s) = 2*s**2 + 15*s - 4. Let w be (-65)/(-9) + (-10)/45. Let t(m) = w*h(m) + 5*p(m). What are the prime factors of t(-10)?
2
Let p = 4 - 0. Suppose 0 = -5*w - 14 + p. List the prime factors of 43 + 8 - (w + 4).
7
Let q be 152/10 + 3/(-15). List the prime factors of (490/q)/(2/3).
7
Suppose 36*n = 9*n + 50706. List the prime factors of n.
2, 3, 313
Suppose 8*h - 333 = 11*h. Let m = h + 174. List the prime factors of m.
3, 7
Let o = 5447 - 3742. List the prime factors of o.
5, 11, 31
Suppose -920 = 2*n - 4*n - 4*b, 4*n + 2*b = 1828. List the prime factors of n.
2, 3, 19
Let g(y) = -37*y**2 - 3*y + 4. Let u be g(2). Let f = u + 256. What are the prime factors of f?
2, 53
List the prime factors of (-1)/(7/2) - 22181/(-287).
7, 11
Suppose 3 = 4*o - 5. Suppose -o*l + 6*l - 4 = 0. Suppose -4 - l = -p. What are the prime factors of p?
5
Suppose 6*p + 4*l + 2709 = 7*p, 5*l + 8120 = 3*p. What are the prime factors of p?
5, 541
Let b = -527 - -582. What are the prime factors of b?
5, 11
Suppose 0 = -2*o + 3*j + 1078, -5*o + 2*j + 0*j = -2684. Suppose -o = -12*z + 436. What are the prime factors of z?
3
Let x(d) = 18*d**2 + 1. Let n be x(1). Let k = 30 - n. What are the prime factors of k?
11
Suppose 5*q = -t - 119, 4*q = 5*t + 2*q + 541. Let r = -97 - t. List the prime factors of r.
2, 3
Suppose 4*l - 3*a = 2*a + 33, -5*l = 5*a + 15. Suppose -127 = -4*y - 3*v + 26, -l*v = 2. List the prime factors of y.
3, 13
Let o = -159 + 618. Let h = o - -35. What are the prime factors of h/14 + 4/(-14)?
5, 7
Suppose -476 = 4*t - 0*t. Let u = t - -208. What are the prime factors of u?
89
Let g = 108 - 98. Suppose 0 = 3*f - g - 113. What are the prime factors of f?
41
Let f(l) = l**3 + 11*l**2 + l - 11. Let y be f(-12). Let m = 236 + y. List the prime factors of m.
3, 23
Suppose -2*q + 4*o + 250 = 0, 5*o + 143 = q + 6. Suppose -2*y + 55 = w - 5*y, -2*w - y + q = 0. What are the prime factors of w?
2, 29
Suppose i = -0*i + 3*l + 1485, -5*i + 2*l + 7386 = 0. List the prime factors of (-3)/(3 + i/(-489)).
163
Let o = -37 - -68. Let f = o - 7. List the prime factors of f.
2, 3
Let a be 18/27 + (-1568)/(-6). Suppose -f - 2*x = -12 + 2, -5*x = -2*f - 7. Suppose -4*g + y = -191, -f*g - 68 = -2*y - a. What are the prime factors of g?
47
Suppose -3*r = -s + 3*s + 2, 0 = 3*s + 5*r + 5. Let p(u) = u**2 + 2*u - 9. List the prime factors of p(s).
2, 13
Suppose -12 = -c - 3*d, 2*d = 5*c - 0 - 9. What are the prime factors of (0 - 31 - c)/(-1)?
2, 17
Let f = 2481 + -2421. What are the prime factors of f?
2, 3, 5
Suppose -875 = 5*p - 2180. Suppose -2*k = 4*b + 50, 4*k = 3*b + 3*k + 35. What are the prime factors of p/(-6)*b/9?
2, 29
Let t = 1228 - 852. What are the prime factors of t?
2, 47
What are the prime factors of (-2)/14 - 531967/(-161)?
2, 7, 59
Let h be (-56)/(-21) + 2/6. Suppose 2*f + h = f. List the prime factors of -2 - f - 3 - -20.
2, 3
Suppose 7*f = -5*f + 660. What are the prime factors of (28/4)/(5/f)?
7, 11
Suppose -348 - 400 = -4*n. Suppose 0 = 4*s - n - 205. What are the prime factors of s?
2, 7
Suppose -45684 = -117*u + 70*u. What are the prime factors of u?
2, 3
Suppose -6*s = -10*s + 2656. List the prime factors of s.
2, 83
Let o(k) = 4*k - 13. Let g be o(5). Suppose z - 39 = g. List the prime factors of z.
2, 23
Suppose -5*d + 4*g = 5, -d - 2*g = 2*d - 19. Suppose -d*j + 0*j = 0. Suppose -5*s - 3*s + 536 = j. What are the prime factors of s?
67
Let v = 3 + 25. Suppose -2*g - v = -3*c - 117, c = -2*g + 109. List the prime factors of g.
2, 13
List the prime factors of ((-8)/16)/(10/(-78440)).
2, 37, 53
Let v(i) = 91*i + 399. What are the prime factors of v(21)?
2, 3, 5, 7, 11
Let l be (-6)/(-4)*(0 + 18)/(-1). Let k = 1 - 10. What are the prime factors of (-2)/k + (-129)/l?
5
List the prime factors of (9/15)/((-15)/(-4575)).
3, 61
List the prime factors of (-8)/(-12)*6819 + (-80)/(-20).
2, 5, 7, 13
Let v be 2/(-7) - 2/(-7). Let i(l) = -4*l**2 - 2*l**2 + l + 7*l**2 + l**3 + 11 + 14. List the prime factors of i(v).
5
List the prime factors of 389 - (2 + -6*6/(-36)).
2, 193
Let h be (-